e factors of 747.
3, 83
List the prime factors of 2534.
2, 7, 181
What are the prime factors of 90853?
7, 12979
List the prime factors of 2726.
2, 29, 47
List the prime factors of 92603.
7, 13229
List the prime factors of 769.
769
List the prime factors of 1941.
3, 647
What are the prime factors of 93132?
2, 3, 13, 199
List the prime factors of 9307.
41, 227
What are the prime factors of 4761?
3, 23
What are the prime factors of 1051?
1051
List the prime factors of 7465.
5, 1493
List the prime factors of 3076.
2, 769
List the prime factors of 2499.
3, 7, 17
List the prime factors of 3110.
2, 5, 311
List the prime factors of 19016.
2, 2377
What are the prime factors of 10145?
5, 2029
What are the prime factors of 644?
2, 7, 23
List the prime factors of 4240.
2, 5, 53
What are the prime factors of 6704?
2, 419
What are the prime factors of 538?
2, 269
List the prime factors of 334.
2, 167
List the prime factors of 6315.
3, 5, 421
List the prime factors of 372.
2, 3, 31
What are the prime factors of 1361?
1361
List the prime factors of 1053.
3, 13
What are the prime factors of 6780?
2, 3, 5, 113
List the prime factors of 14257.
53, 269
What are the prime factors of 36815?
5, 37, 199
What are the prime factors of 8994?
2, 3, 1499
What are the prime factors of 21405?
3, 5, 1427
What are the prime factors of 991?
991
List the prime factors of 125123.
211, 593
What are the prime factors of 1256?
2, 157
List the prime factors of 322.
2, 7, 23
List the prime factors of 776.
2, 97
List the prime factors of 1699.
1699
What are the prime factors of 1205?
5, 241
List the prime factors of 819.
3, 7, 13
What are the prime factors of 9271?
73, 127
What are the prime factors of 180473?
180473
List the prime factors of 1279.
1279
What are the prime factors of 1013?
1013
List the prime factors of 7789.
7789
List the prime factors of 1470.
2, 3, 5, 7
What are the prime factors of 55779?
3, 18593
List the prime factors of 457.
457
What are the prime factors of 10617?
3, 3539
What are the prime factors of 6458?
2, 3229
What are the prime factors of 6759?
3, 751
List the prime factors of 517.
11, 47
What are the prime factors of 5513?
37, 149
What are the prime factors of 2520?
2, 3, 5, 7
What are the prime factors of 1790?
2, 5, 179
List the prime factors of 4127.
4127
List the prime factors of 61403.
61403
List the prime factors of 10849.
19, 571
What are the prime factors of 975?
3, 5, 13
What are the prime factors of 114?
2, 3, 19
List the prime factors of 1441.
11, 131
List the prime factors of 1999.
1999
What are the prime factors of 39?
3, 13
What are the prime factors of 3225?
3, 5, 43
What are the prime factors of 386?
2, 193
List the prime factors of 74135.
5, 14827
What are the prime factors of 29680?
2, 5, 7, 53
What are the prime factors of 28805?
5, 7, 823
List the prime factors of 4665.
3, 5, 311
What are the prime factors of 57?
3, 19
List the prime factors of 3131.
31, 101
What are the prime factors of 9594?
2, 3, 13, 41
What are the prime factors of 26538?
2, 3, 4423
List the prime factors of 12447.
3, 461
List the prime factors of 33271.
7, 97
What are the prime factors of 817?
19, 43
List the prime factors of 1107.
3, 41
List the prime factors of 319.
11, 29
List the prime factors of 82305.
3, 5, 31, 59
List the prime factors of 1586.
2, 13, 61
List the prime factors of 2830.
2, 5, 283
List the prime factors of 192.
2, 3
List the prime factors of 3237.
3, 13, 83
What are the prime factors of 9091?
9091
What are the prime factors of 25511?
97, 263
What are the prime factors of 1151?
1151
List the prime factors of 107567.
263, 409
List the prime factors of 7429.
17, 19, 23
List the prime factors of 2346.
2, 3, 17, 23
What are the prime factors of 1164?
2, 3, 97
List the prime factors of 2116.
2, 23
What are the prime factors of 25540?
2, 5, 1277
What are the prime factors of 1733?
1733
List the prime factors of 3972.
2, 3, 331
List the prime factors of 32062.
2, 17, 23, 41
What are the prime factors of 36343?
36343
What are the prime factors of 3583?
3583
List the prime factors of 103.
103
List the prime factors of 5128.
2, 641
List the prime factors of 6183.
3, 229
What are the prime factors of 2359?
7, 337
List the prime factors of 15512.
2, 7, 277
List the prime factors of 7562.
2, 19, 199
List the prime factors of 9219.
3, 7, 439
List the prime factors of 1728.
2, 3
What are the prime factors of 550?
2, 5, 11
What are the prime factors of 5484?
2, 3, 457
List the prime factors of 303.
3, 101
List the prime factors of 27088.
2, 1693
What are the prime factors of 1652?
2, 7, 59
What are the prime factors of 36872?
2, 11, 419
What are the prime factors of 32592?
2, 3, 7, 97
What are the prime factors of 1975?
5, 79
What are the prime factors of 56302?
2, 28151
List the prime factors of 809.
809
List the prime factors of 666.
2, 3, 37
List the prime factors of 1412.
2, 353
List the prime factors of 1259.
1259
List the prime factors of 16820.
2, 5, 29
What are the prime factors of 1540?
2, 5, 7, 11
List the prime factors of 1541.
23, 67
What are the prime factors of 8386?
2, 7, 599
List the prime factors of 11301.
3, 3767
List the prime factors of 27676.
2, 11, 17, 37
What are the prime factors of 110750?
2, 5, 443
What are the prime factors of 12207?
3, 13, 313
List the prime factors of 18770.
2, 5, 1877
What are the prime factors of 11953?
11953
List the prime factors of 1198.
2, 599
List the prime factors of 30727.
30727
List the prime factors of 1702.
2, 23, 37
List the prime factors of 59213.
7, 11, 769
List the prime factors of 234.
2, 3, 13
What are the prime factors of 954?
2, 3, 53
What are the prime factors of 23475?
3, 5, 313
What are the prime factors of 690?
2, 3, 5, 23
List the prime factors of 344.
2, 43
What are the prime factors of 836?
2, 11, 19
What are the prime factors of 4123?
7, 19, 31
List the prime factors of 1133.
11, 103
What are the prime factors of 1813?
7, 37
What are the prime factors of 107180?
2, 5, 23, 233
List the prime factors of 31562.
2, 43, 367
What are the prime factors of 829?
829
What are the prime factors of 14030?
2, 5, 23, 61
What are the prime factors of 10808?
2, 7, 193
What are the prime factors of 8274?
2, 3, 7, 197
List the prime factors of 1066.
2, 13, 41
List the prime factors of 33405.
3, 5, 17, 131
What are the prime factors of 4549?
4549
What are the prime factors of 4930?
2, 5, 17, 29
What are the prime factors of 28425?
3, 5, 379
List the prime factors of 14735.
5, 7, 421
List the prime factors of 1406.
2, 19, 37
What are the prime factors of 21182?
2, 7, 17, 89
What are the prime factors of 3655?
5, 17, 43
List the prime factors of 9633.
3, 13, 19
List the prime factors of 1935.
3, 5, 43
What are the prime factors of 80595?
3, 5, 199
List the prime factors of 39610.
2, 5, 17, 233
List the prime factors of 45201.
3, 13, 19, 61
What are the prime factors of 2645?
5, 23
What are the prime factors of 6023?
19, 317
What are the prime factors of 880?
2, 5, 11
List the prime factors of 25553.
11, 23, 101
List the prime factors of 297.
3, 11
List the prime factors of 3192.
2, 3, 7, 19
List the prime factors of 1892.
2, 11, 43
What are the prime factors of 1715?
5, 7
What are the prime factors of 34534?
2, 31, 557
List the prime factors of 8089.
8089
List the prime factors of 1733.
1733
List the prime factors of 484.
2, 11
List the prime factors of 10221.
3, 3407
List the prime factors of 3844.
2, 31
List the prime factors of 42639.
3, 61, 233
List the prime factors of 1574.
2, 787
What are the prime factors of 43366?
2, 21683
What are the prime factors of 491?
491
What are the prime factors of 125?
5
What are the prime factors of 7199?
23, 313
What are the prime factors of 1343?
17, 79
List the prime factors of 49962.
2, 3, 11, 757
What are the prime factors of 7884?
2, 3, 73
What are the prime factors of 1439?
1439
What are the prime factors of 58620?
2, 3, 5, 977
List the prime factors of 2843.
2843
What are the prime factors of 13976?
2, 1747
What are the prime factors of 1272?
2, 3, 53
List the prime factors of 4574.
2, 2287
List the prime factors of 4178.
2, 2089
List the prime factors of 170.
2, 5, 17
What are the prime factors of 2522?
2, 13, 97
What are the prime factors of 149038?
2, 43